 83. Calculate the greatest common factor of v and 15.
15
Let x(s) = 28*s**2 - 8. Let k be x(2). Let p = 202 - k. Calculate the greatest common divisor of 28 and p.
14
Let m(q) = -q**3 + 15*q**2 - 11*q + 24. Let p be m(8). Calculate the greatest common divisor of p and 12.
12
Suppose 21 - 3 = 2*i + 5*o, 0 = -5*i + 5*o + 10. Calculate the greatest common factor of 100 and i.
4
Let u(b) = 82*b - 8. Let s be u(7). Suppose 1366 = 10*g + s. Let h = -2 - -18. Calculate the highest common factor of h and g.
16
Let a(m) = -40*m. Let k be a(-3). Suppose -3*v + v - 2 = 0. Let p(s) = -33*s - 9. Let q be p(v). Calculate the greatest common divisor of q and k.
24
Let s(t) = t**2 - 4*t + 6. Suppose -4*v = -2 - 14. Let l be s(v). Let i = -12 - -60. Calculate the greatest common factor of i and l.
6
Suppose 129*t - 127*t - 46 = 0. What is the highest common divisor of 713 and t?
23
Let x = 46 + 266. Calculate the highest common divisor of x and 208.
104
Let t be (-1 + -1)/((-1)/16*2). What is the greatest common factor of t and 112?
16
Suppose 73*d - 76*d - 2492 = -r, -r = 2*d - 2507. What is the highest common factor of r and 61?
61
Suppose k - 13 = 4*u + 4, 3*k = 2*u + 21. Suppose -30 = -3*s - 0*s. What is the highest common divisor of s and k?
5
Suppose 3*t - 15 = -5*z + t, 0 = 2*z + 5*t + 15. Let q be 3/z - (-85)/25. What is the highest common factor of q and 4?
4
Let t = -13 - -19. Suppose 3*q + 6*f = 3*f + 153, 180 = 4*q - 4*f. What is the greatest common factor of q and t?
6
Let g be (30 + 8 - -10) + 2. What is the highest common factor of 1175 and g?
25
Let u(o) = 2*o**2 - 18*o - 8. Let s be u(11). Calculate the highest common divisor of 126 and s.
18
Let s(j) = -47*j - 217. Let f be s(-7). Calculate the highest common divisor of f and 504.
56
Suppose -5*n + 5*r - 8 = -4*n, -r + 39 = 2*n. What is the greatest common factor of n and 1258?
17
Let z(l) = -l**2 + 5*l + 13. Let v be z(-2). Let h be 1*(-51)/(3/v). Let q be -1*2 + (0 - -87). What is the greatest common factor of q and h?
17
Suppose -3*a + 5*o + 32 = 0, -2*o = a - 4*a + 20. Suppose 6*h - 112 = 2*h. Suppose 5*b - h = 152. Calculate the highest common divisor of b and a.
4
Let s(a) = -7*a**2 - 496*a + 82. Let b be s(-71). Let o(v) = -v**3 + 7*v**2 - 2*v - 2. Let i be o(6). Calculate the highest common factor of i and b.
11
Suppose -1 = -j - 2. Let x be -6*3/6*(-4)/(-6). Let w be x*(14*j - 0). What is the highest common factor of 42 and w?
14
Let m(a) = a**3 - 8*a**2 - 19*a + 11. Let p be m(10). Calculate the greatest common divisor of 189 and p.
21
Let t be 21*((-20)/12 - -2). Let j be (-8)/16*(-5 - -3). Calculate the greatest common divisor of j and t.
1
Suppose -5*c = 0, 16 = -0*t + 4*t - 2*c. Suppose -4*y + y = 3*b + 36, -63 = 5*b + t*y. Let z be (18/b)/(6/(-80)). What is the greatest common factor of z and 4?
4
Suppose -4*t + 5*b = -75, -5*t + 63 + 41 = 4*b. What is the highest common divisor of 130 and t?
10
Let h(n) = 3*n**2 + 10*n - 26. Let w be h(-7). Calculate the greatest common factor of w and 289.
17
Suppose 2*v - 89 = -5*b - 0*v, 0 = -5*b + 3*v + 104. Let q = -98 + 82. Let n be 146/8 + (-1)/(q/12). What is the highest common factor of n and b?
19
Suppose -4*w = -401 - 623. Let d be w/26 - 4/(-26). Suppose -p = -2*p + d. What is the highest common divisor of p and 70?
10
Let m be (-3 + -5 - 2) + 699. Calculate the highest common factor of 212 and m.
53
Let w(j) = -j**3 - 7*j**2 + 4*j - 30. Let q be w(-8). Calculate the greatest common factor of 22 and q.
2
Let s(a) = -a**2 + 8*a + 10. Let v be s(8). Let c(t) = 2*t - 14. Let b be c(v). Calculate the highest common factor of 54 and b.
6
Let m = -1693 + 1741. Calculate the greatest common factor of m and 2064.
48
Let i = 75 - 35. What is the greatest common factor of i and 180?
20
Let l = -101 + 121. What is the greatest common divisor of l and 45?
5
Let i be (6/4)/((-6)/(-144)). Let v = -58 + 97. Suppose -v + 3 = -2*d. What is the greatest common factor of d and i?
18
Suppose 4*u + 216 = 6*u. Suppose -m + j - 43 = -5*m, 0 = 3*m + 5*j - 11. Calculate the highest common divisor of m and u.
12
Suppose 0 = 3*a - 825 - 1527. Let o = 0 + 3. Suppose 0*c + c - 152 = -k, -5*k + a = -o*c. Calculate the highest common divisor of k and 31.
31
Let z be 1/((-2)/(-126)) - 0. Let l(n) = 0*n + 2 + 2 - 2 - n. Let b be l(-5). Calculate the greatest common divisor of b and z.
7
Let q(p) = 2*p**3 - 20*p**2 + p + 6. Let o be q(10). Let x be ((-30)/9)/5 + 16/6. What is the highest common divisor of o and x?
2
Suppose g - 440 = -10*g. What is the greatest common divisor of g and 110?
10
Let v be (-2)/(0 - (-2)/(-29)). Let r(z) = 60*z + 21. Let d be (27/2)/9*24/9. Let b be r(d). Calculate the greatest common factor of v and b.
29
Suppose -27 = -4*z + 2*x + 43, 0 = -3*x - 9. Let j = 60 - z. Suppose -20 = 3*n + 2*n, 3*h - 182 = -4*n. What is the greatest common divisor of h and j?
22
Suppose -3*p + 62 = -190. Calculate the highest common divisor of 24 and p.
12
Suppose 3*b + 2*m = 12, 19*b - 23*b + 4*m + 36 = 0. What is the greatest common factor of b and 66?
6
Suppose 0 = s + 5*q - 52, 2*q + 40 = s + q. Let v(t) = 14*t - 21. Let a be v(9). What is the greatest common divisor of s and a?
21
Let u(k) = 3*k - 115. Let y be u(57). What is the highest common divisor of 252 and y?
28
Let v(w) = 37*w**2 - 183*w - 6. Let g be v(5). Calculate the greatest common factor of g and 12.
4
Let c = 234 + -129. Let s = 104 + -89. What is the greatest common factor of c and s?
15
Suppose -5*p = 38 - 13. Let w be 6 - 6 - (p - 1). Suppose 4*r - 107 = 85. Calculate the greatest common factor of w and r.
6
Let j be (-2)/(-6) - (-4)/6. Let c be (5/(-3))/(25/(-15)). Let g = j + c. Calculate the greatest common divisor of g and 4.
2
Let i(q) = 15*q - 11. Let h be i(5). Let n = -43 + h. Suppose 5*m = -4*s + 41, -2*s + 2*m = -6*s + 50. Calculate the highest common factor of n and s.
7
Suppose 10*x = 6*x + 12. Suppose -2*h - x*v = -128, -h = -4*v - 0*v - 86. What is the greatest common factor of h and 10?
10
Suppose 11*d - 82 = 270. Calculate the highest common factor of d and 544.
32
Let x = 1018 + -1007. Let w = 149 + -50. Calculate the greatest common factor of w and x.
11
Let n = 216 + -215. Suppose 2*c - 2*p - 3 = 5, 4*p + 12 = 0. What is the highest common divisor of c and n?
1
Suppose 0 = i + 2*y - 81 - 7, i - 87 = -y. Suppose -i = -2*q + m, 4*q - 86 = 2*q + 5*m. Suppose q = 3*f + 19. What is the greatest common divisor of 88 and f?
8
Let l(w) = w + 48. Let f be l(16). What is the greatest common divisor of f and 80?
16
Let t = 14 - -9. Suppose -3*b - 1 + 28 = 4*k, -4*b - k + t = 0. What is the highest common divisor of b and 20?
5
Let j be -3 - 4/(-8)*8. Let d be (j - 2/2) + 12 + -2. Calculate the highest common factor of d and 5.
5
Suppose 0 = 2*j + 5*n - 193, -185*j - 415 = -190*j + n. Suppose 0 = 4*o - p - 252, 0*p = -p. Calculate the greatest common divisor of o and j.
21
Let v be 3*1*-1*1. Let n be (22/v)/((-4)/174). Let h(x) = -x**2 + 67*x + 887. Let b be h(-11). What is the greatest common divisor of n and b?
29
Let y be ((-8)/10)/(3/30). Let j = 2 - y. What is the greatest common factor of j and 90?
10
Let m = 57 - 57. Suppose m = -6*y + 12 + 54. Let l be 22/(1 + 2/(-6)). Calculate the greatest common divisor of y and l.
11
Let y be 1/(-4) - 434/(-8). Let s be (-1 - -1)/(-10 - -8). Suppose s = -u - 3*o + 18, 18 = 3*o + 6. What is the greatest common divisor of y and u?
6
Let a(l) = l**3 + 8*l**2 + 6*l - 26. Let i be a(-6). Suppose -2*z - 50 = -7*z. Let d be (-4)/10 - (-704)/z. What is the greatest common divisor of i and d?
10
Let k = -45 + 230. Let f(j) = -j**2 - j - 1. Let d be f(-6). Let w = k + d. Calculate the highest common divisor of 14 and w.
14
Suppose 5*k = 4*b - 1151, 0 = -3*k - 1 + 4. Let l = -172 + b. Suppose -3*r + 160 = -5*z - l, r + 2*z = 107. What is the highest common factor of 11 and r?
11
Let a be -1 + 9/7 - 28384/(-224). Let r = -124 + a. Calculate the highest common divisor of 21 and r.
3
Suppose -24 = -5*m + 111. Let v = m + -26. Let x = -11 - -15. Calculate the highest common divisor of v and x.
1
Suppose 97*h - 92*h - 1505 = 0. Suppose 0 = -18*d + 11*d + h. Calculate the greatest common factor of 129 and d.
43
Suppose -2*a + 197 = l, 3*l + 6*